e
Let x(p) = -1563*p - 230. Is x(-21) prime?
False
Suppose -5*f = 2*p - 29, 2*f - 19 = -2*p - f. Suppose 5*h = i + 1622, p*i = -5*h + 777 + 854. Suppose 6*l - h = l. Is l composite?
True
Suppose -3*y = 3*m - 3873 - 1950, -4*y = 2*m - 7762. Let v = y + -1357. Is v prime?
False
Let i(j) = -224*j - 269. Is i(-27) composite?
False
Let a(i) = i**2 - 8*i - 9. Let k be a(7). Let b be 4*(-116)/24*36. Is 14/3*b/k a composite number?
True
Let q(g) be the third derivative of g**6/60 - g**5/20 + g**3/6 - 5*g**2. Let p be q(2). Suppose -p*a + 810 + 145 = 0. Is a composite?
False
Let l = 269 + 151. Suppose -j + l = -3*j. Let k = 307 + j. Is k a prime number?
True
Suppose -4*n + 0*p + 2663 = -p, 1319 = 2*n - 3*p. Suppose s = 5, n = -2*u - s + 6194. Is u prime?
False
Let a = -7 + 12. Suppose 5*x - 20 = -3*t + x, 0 = -4*t - 2*x + 10. Suppose t = -5*s + a*k + 388 + 297, -4*s + 3*k + 544 = 0. Is s prime?
False
Let l be -1*(-4835)/(-5)*(14 + 1). Is l/(-10)*2/3 prime?
True
Let s = 2 - 0. Suppose -5*z = -s*z - 6. Is 254/(4/z*1) a prime number?
True
Suppose -5*y + 191556 - 6311 = 0. Is y composite?
False
Let j = 30229 - 20196. Is j a composite number?
True
Suppose 140 = i + 3*l, 4*i + 41 - 617 = 4*l. Is i a prime number?
False
Suppose -4*j - 38065 = -5*f - 0*j, 5 = -j. Is f composite?
True
Suppose 2*d = -s + 34, 11 + 44 = 5*d - 5*s. Let o be (6*d)/((-3)/(-6)). Suppose 0 = 5*w - 470 + o. Is w a prime number?
False
Suppose 18 - 2 = -2*j. Let d be 1/j - (-85)/40. Suppose 79 = d*i - 35. Is i a composite number?
True
Let n(x) = x**2 + 2*x + 470. Let g be n(0). Suppose 0 = 5*m - 6*m + g. Suppose -m = -4*s + 174. Is s a composite number?
True
Let p be (0 + 18)/(-2)*28/(-84). Suppose -3*f + 2*f + 3283 = 4*g, 2467 = p*g - 4*f. Is g prime?
True
Suppose -5*y + 3546 = -3*a - 6655, 0 = 4*y + 5*a - 8146. Suppose -4*i + y = h, -4*i + 2024 = h + 3*h. Is i a composite number?
True
Is (-5)/(-6) + (-352849)/(-294) prime?
True
Let h = -8311 + 15414. Is h composite?
False
Suppose -4*m + 3*b + 7996 = 0, m - 2*m - 4*b = -1980. Suppose -2*f + 6*f - m = 0. Suppose 2*g - 3*i = 2*i + f, 2*g = -i + 517. Is g prime?
True
Suppose 4*f + 312 = 3*d, 4*d = -f - 22 - 37. Let g = f + 130. Is g a composite number?
True
Suppose -13*t - 877 = -9678. Is t a composite number?
False
Suppose -44*f + 1 = -43*f. Is -3*18664/(-12)*f/2 a prime number?
True
Suppose 0 = 6*a + 5*a. Let j = 38 - 14. Suppose 5*h + 9 - j = a. Is h prime?
True
Suppose -4*s = -5*l - 39, 4*s - 3*l + 19 - 52 = 0. Let r be (-6*1)/(s/(-54)). Suppose -n + 5*n = 2*w - r, -5*w + 191 = 4*n. Is w prime?
False
Suppose 0 = 4*n - 182 - 154. Let q be (-3)/(-4) - (-21)/4. Suppose -n = q*o - 10*o. Is o composite?
True
Suppose -618 - 901 = 7*w. Let j = w + 536. Is j a prime number?
False
Let r = -4031 - -13212. Is r prime?
True
Suppose 2*p = 5*p. Suppose -j + 0*j + 1009 = p. Is j a prime number?
True
Suppose 0 = 5*f + 4*d - 1073, -4*f + 856 = 6*d - 2*d. Suppose 4*m - 5*m + 210 = -5*g, -2*g = m - f. Is m prime?
False
Suppose 3*b = -4*a + b - 36, a = -4*b - 9. Is (22 + -1)*(a + 10) a composite number?
True
Let v = -2271 - -5552. Is v prime?
False
Suppose 2*d + 8 = 3*c, 2*d - 5 = d. Let f(y) = y**2 - 5*y - 4. Let q be f(c). Is (2 - 1) + 372/q composite?
True
Let a be ((-12)/(-8))/((-2)/4). Let q(y) = -y**3 - y**2 + 12*y - 10. Let i be q(8). Is i/a + (-2)/6 a composite number?
False
Let d be 16*(0 - 3/(-6)). Suppose -4*x - 12 = -d*x. Suppose -1148 = -o - x*o. Is o a composite number?
True
Let w(h) = -h**2 - 2*h + 205. Let v be w(0). Is v - (0 - (-8)/2) a composite number?
True
Let j(f) = 16*f**3 + 23*f**2 - 2*f + 1. Is j(10) prime?
False
Let w = 11691 + -6020. Is w a prime number?
False
Let j(c) = 11*c**2 + 3*c + 3. Suppose 0 = -5*b + 3*q - 29 - 47, 0 = -b - 2*q - 23. Let r = b + 20. Is j(r) a composite number?
True
Let x(m) = 651*m + 12. Let j be x(3). Let r = -998 + j. Is r composite?
False
Suppose -10*h + 2268 = -242. Is h a prime number?
True
Let v(b) = -10*b**2 + 19*b - 6. Let c(d) = 5*d**2 - 9*d + 3. Let z(h) = 7*c(h) + 3*v(h). Let l be z(9). Let f = l - 177. Is f prime?
False
Let o = 1356 - -3125. Is o a composite number?
False
Let p = -384 + 1032. Suppose -v - 157 = -p. Is v composite?
False
Is 13/((-234)/(-60564)) + (-1)/(-3) composite?
True
Let u(x) be the first derivative of -25*x**2/2 - 12*x + 4. Is u(-19) a prime number?
True
Let v be (-1)/(((-3)/(-1))/(-15)). Suppose -v*w + 1000 + 55 = 0. Is w composite?
False
Let d = 15673 - 9036. Is d a prime number?
True
Suppose -23*a + 21*a + 24 = 0. Let u be a/10*10/3. Is (-20)/(-2)*218/u a composite number?
True
Suppose y - 1272 = -b, 8*y - 4*b - 5048 = 4*y. Is y prime?
False
Suppose 0 = 4*b + 3*j - 69, 2*j - 3 = b - 12. Suppose 324 = o + b. Let h = -86 + o. Is h composite?
False
Let y = 3229 - -4332. Is y composite?
False
Suppose 2*k + 9260 = 6*k - 5*u, -4*u - 11584 = -5*k. Let p be (1*2/(-2))/(4/5084). Let o = k + p. Is o prime?
True
Let w = -31 + 17. Let g(p) = -38*p - 15. Is g(w) a composite number?
True
Let d(n) = -7*n + 2. Let h be d(2). Let p = -8 - h. Suppose -b = 5*v - 62, 0*b - 185 = -p*b + v. Is b a composite number?
False
Suppose 0 = 2*t - 2*p - 106, 3*p - 208 - 57 = -5*t. Suppose 0 = -8*w + 6214 + 2754. Suppose -2*h + t + w = 0. Is h composite?
False
Is 4 + ((-1656)/(-16))/((-3)/(-30)) a prime number?
True
Suppose d = 1 + 7. Let y(x) = 19*x - 1. Let f be y(d). Suppose 5*c + 5*v = 3*c + f, 5*c - 4*v - 427 = 0. Is c prime?
True
Is ((-639)/(-3))/((-2)/((-56)/12)) prime?
False
Let t = 16 + 7. Suppose d - 6*d + t = 4*o, -d - o = -5. Suppose 395 = 8*a - d*a. Is a composite?
False
Suppose -2*t + 4*t = -2*i - 1040, -20 = 4*i. Let p = t + 1508. Is p prime?
False
Let n = 21807 - 10534. Is n composite?
False
Let d(v) = -41*v**3 + 12*v**2 + 40*v**3 - 2*v - v + 0*v + 7. Is d(9) a composite number?
False
Suppose -5*r + 5425 = -5*u, -4*u - 1154 = -r - 75. Is r a composite number?
False
Let a = 291 + -37. Suppose 2*d = -0*d + a. Is d a composite number?
False
Let m(b) = -2*b**3 + 10*b**2 - 7*b. Let o be m(8). Let j = 59 - o. Is j a composite number?
False
Suppose -4*r = -7*r + 9. Suppose 4*k - k + 71 = i, 0 = 2*i - r*k - 136. Is i composite?
True
Suppose -76*u + 7024 = -72*u. Suppose 18*m - u = 14*m. Is m composite?
False
Let g(s) = s**2 - 2*s + 16595. Is g(0) a composite number?
True
Let y(b) be the third derivative of -3*b**4/2 - 13*b**3/6 - 7*b**2. Suppose 0 = -5*r + 5, -3*r + 4 - 7 = k. Is y(k) a composite number?
True
Let x(m) = m**2 - 6*m - 5. Suppose -2*w + 13 + 1 = 0. Let y be x(w). Is (y - 2) + (-38)/(-2) composite?
False
Suppose -5 + 2 = -3*y. Let u(o) = -y + 5*o**2 + 7 + o - 1 + 8. Is u(-10) a prime number?
True
Let n = 47952 + -7375. Is n a prime number?
True
Suppose -2*v = 9782 - 502. Let s = -2757 - v. Is s a composite number?
True
Suppose -2*s - 2980 = -13058. Is s composite?
False
Let j(h) = -h**3 + 2*h**2 + 2*h - 2372. Let v be j(0). Let k = -1269 - v. Is k composite?
False
Let z = -224 - -925. Is z a prime number?
True
Let n = 21669 - 3374. Is n a composite number?
True
Suppose 1276759 = -36*l + 47*l. Is l composite?
True
Suppose -5*t + 3*m + 11 = 0, 8 + 0 = 5*t - 4*m. Let c = -529 - -531. Suppose -c*b + 250 = -3*f + 6*f, t*f - 330 = -b. Is f composite?
True
Is 1 + (-43110)/(-17) - (-190)/1615 composite?
True
Let s = -8 + 6. Let r be s/2 + 3 + 1. Suppose 3*j - j = -3*m + 203, 3*m - r*j = 228. Is m composite?
False
Suppose 0 = -5*k + 4*p + 8785, -p = 4*k - 2*p - 7017. Is k prime?
True
Let g be ((-4)/(-3))/((-9)/(-459)). Let o be (-14)/(-8) + 17/g. Is (-77676)/(-108) + o/(-9) a prime number?
True
Suppose 3*w + 3*b + 1066 - 23944 = 0, -3*b = -4*w + 30511. Is w a prime number?
False
Suppose 10*b - 7*b - 3066 = 0. Suppose j - i = 896, -i + 761 = 2*j - b. Is j a composite number?
True
Suppose 3*y - 12144 = -3*y. Suppose -5*f = 3*f - y. Is f a composite number?
True
Suppose 8*w + 6 = 5*w. Let o be (-1 - (-44)/(-8))*w. Is ((-5)/(-3))/(o/2067) prime?
False
Suppose -5*m + 982 = -1023. Let z = m - -234. Is z composite?
True
Let u(o) = -8*o**3 - 7*o**2 + 3*o + 6. Let a be u(-5). Suppose -212 = -4*h + a. Is h a prime number?
True
Let j(x) be the first derivative of 48*x**2 - 5*x - 9. Suppose -8 = 4*o - 4*b, 3*o + 2*o + 4*b - 26 = 0. Is j(o) a composite number?
True
Suppose -2*j = j - 21. Suppose 